{"id":72,"date":"2022-04-11T12:53:40","date_gmt":"1999-01-01T00:00:00","guid":{"rendered":"https:\/\/startersites.io\/blocksy\/home-decor\/?page_id=72"},"modified":"2026-03-31T04:18:39","modified_gmt":"2026-03-31T04:18:39","slug":"terminos-y-condiciones","status":"publish","type":"page","link":"https:\/\/khushi.com.gt\/index.php\/terminos-y-condiciones\/","title":{"rendered":"T\u00c9RMINOS Y CONDICIONES"},"content":{"rendered":"\n<blockquote class=\"wp-block-quote is-layout-flow wp-block-quote-is-layout-flow\">\n<p>Al acceder y utilizar el sitio web de Khushi, aceptas los siguientes t\u00e9rminos:<\/p>\n<\/blockquote>\n\n\n\n<ul class=\"wp-block-list\">\n<li>Los productos est\u00e1n sujetos a disponibilidad<\/li>\n\n\n\n<li>Los precios pueden cambiar sin previo aviso<\/li>\n\n\n\n<li>Nos reservamos el derecho de cancelar pedidos por errores en precios o disponibilidad<\/li>\n\n\n\n<li>El cliente es responsable de verificar las especificaciones del producto antes de la compra<\/li>\n\n\n\n<li>Los tiempos de entrega pueden variar seg\u00fan ubicaci\u00f3n<\/li>\n<\/ul>\n\n\n\n<p>Khushi no se hace responsable por da\u00f1os derivados del uso inadecuado de los productos.<\/p>\n\n\n\n<p>Nos reservamos el derecho de modificar estos t\u00e9rminos en cualquier momento.<\/p>\n\n\n\n<p><\/p>\n","protected":false},"excerpt":{"rendered":"<p>Al acceder y utilizar el sitio web de Khushi, aceptas los siguientes t\u00e9rminos: Khushi no se hace responsable por da\u00f1os derivados del uso inadecuado de los productos. Nos reservamos el derecho de modificar estos t\u00e9rminos en cualquier momento.<\/p>\n","protected":false},"author":1,"featured_media":0,"parent":0,"menu_order":0,"comment_status":"closed","ping_status":"closed","template":"","meta":{"footnotes":""},"class_list":["post-72","page","type-page","status-publish","hentry"],"blocksy_meta":[],"_links":{"self":[{"href":"https:\/\/khushi.com.gt\/index.php\/wp-json\/wp\/v2\/pages\/72","targetHints":{"allow":["GET"]}}],"collection":[{"href":"https:\/\/khushi.com.gt\/index.php\/wp-json\/wp\/v2\/pages"}],"about":[{"href":"https:\/\/khushi.com.gt\/index.php\/wp-json\/wp\/v2\/types\/page"}],"author":[{"embeddable":true,"href":"https:\/\/khushi.com.gt\/index.php\/wp-json\/wp\/v2\/users\/1"}],"replies":[{"embeddable":true,"href":"https:\/\/khushi.com.gt\/index.php\/wp-json\/wp\/v2\/comments?post=72"}],"version-history":[{"count":3,"href":"https:\/\/khushi.com.gt\/index.php\/wp-json\/wp\/v2\/pages\/72\/revisions"}],"predecessor-version":[{"id":1269,"href":"https:\/\/khushi.com.gt\/index.php\/wp-json\/wp\/v2\/pages\/72\/revisions\/1269"}],"wp:attachment":[{"href":"https:\/\/khushi.com.gt\/index.php\/wp-json\/wp\/v2\/media?parent=72"}],"curies":[{"name":"wp","href":"https:\/\/api.w.org\/{rel}","templated":true}]}}